et o be ((-285)/10)/((-9)/12). Suppose 2*n - o = -4*h + h, 4*n = -4*h + 48. List the prime factors of h.
2, 7
Let l(m) = -m**2 - 4*m. Let o be l(-2). Suppose 3*i - 27 - 16 = -o*z, 0 = -4*i + 2*z + 28. What are the prime factors of i?
3
Let i = -5037 + 7942. List the prime factors of i.
5, 7, 83
Let j(w) = -4*w + 56. Let b be j(13). Suppose m = 12 + 3. Suppose m = -b*c + 51. List the prime factors of c.
3
Let v(h) = -3*h + 2. Let n(x) = -2*x + 2. Let f(s) = -6*n(s) + 5*v(s). Suppose 7 = -2*l - 7. List the prime factors of f(l).
19
Suppose 4*q + 13*q - 24684 = 0. What are the prime factors of q?
2, 3, 11
Suppose 88 + 16 = 4*q. Let i = q + -9. List the prime factors of i.
17
Let i(d) = d**2 + 27*d - 106. What are the prime factors of i(5)?
2, 3
Let x = 439 - 120. List the prime factors of x.
11, 29
Let d = 5278 - 3012. List the prime factors of d.
2, 11, 103
Suppose 4*z - 5*k = 917 + 1528, 5*z - 3040 = 3*k. Let a = -282 + z. List the prime factors of (a/85)/((-2)/(-10)).
19
Let w(v) = 431*v - 10. Let b be w(-6). List the prime factors of b/11*(-2)/8.
59
Let l(y) be the third derivative of y**4/24 - y**3/3 - 5*y**2. Let f be l(4). List the prime factors of (-2)/(20/(-8) + f).
2
Let k(s) = -241*s + 1. Let g be k(-1). Let j = g + -142. What are the prime factors of 1/(-1 - (-104)/j)?
5
Suppose 7*z - 1367 = 2749. What are the prime factors of z?
2, 3, 7
Suppose -2*w - 3*u - 29 = 0, -2*w + u - 24 = 3*u. Let p(i) = -i**2 - 6*i + 9. Let j be p(w). Suppose -j*a + 56 = -0*a. List the prime factors of a.
2, 7
What are the prime factors of 11/((-11)/(-3)) + 28?
31
Let m(h) = 2*h**3 - 21*h**2 + 37*h + 20. Let a be m(8). Suppose 4*f = 4 - 12. List the prime factors of 3 + f + a + 21.
2, 3
Let u(h) = -h**3 + 27*h**2 - 25*h + 12. List the prime factors of u(10).
2, 17, 43
Let o(l) = -28*l + 30. List the prime factors of o(-13).
2, 197
Suppose 2*s = -q + 5, -4*q = 3*s - 2 - 18. Suppose s = 11*j - 4*j - 1162. What are the prime factors of j?
2, 83
Let k = -97 - -13. Let d = 120 + k. What are the prime factors of d?
2, 3
Let x(i) = i**3 + 10*i**2 - i - 5. Let g be 8/((-1 + -3)/(-20)). Suppose 3*d = 0, -4*s + 0*s - 5*d - g = 0. What are the prime factors of x(s)?
5
Let w(m) = 36*m**2 - 7*m - 48. List the prime factors of w(-6).
2, 3, 5, 43
Let i(x) = 60*x**2 - 28*x - 176. What are the prime factors of i(-5)?
2, 3, 61
Suppose 4*d + 1162 = j + 145, -4*j + 4079 = -5*d. List the prime factors of j.
1021
Let z = 1 + 0. Let a(w) = 8*w**2 - 4*w**2 - z + 11*w**2 + 7*w**2. List the prime factors of a(-1).
3, 7
Suppose -s = -0*s - 1. List the prime factors of (s - 0)*(0 - -35).
5, 7
List the prime factors of 1169*-7*(-6)/147.
2, 167
List the prime factors of (-24)/9*1566/(-4).
2, 3, 29
Let s(v) = -29*v + 8. Let w be s(-7). Let y be 3/6 - w/(-2). Let z = -61 + y. List the prime factors of z.
3, 5
Let j = 132 + -198. Let a be (-1375)/j + 2/12. Let v = 42 - a. What are the prime factors of v?
3, 7
Let l = -1525 - -4901. What are the prime factors of l?
2, 211
Let i(r) = 683*r**2 + 27*r + 57. List the prime factors of i(-2).
5, 547
Suppose -5*d - 3541 = -6*d. What are the prime factors of d?
3541
Suppose -4*i + 96 = i - y, 3*i - y - 56 = 0. Suppose i = 2*f - 14. What are the prime factors of f?
17
Suppose -3*j - 6*j = -36. Suppose 3*n - 2*n = j*x + 19, -2*n = -4*x - 50. List the prime factors of n.
31
Suppose 10 = 2*y - 2*d, 8*y - 3*y = -5*d + 15. Suppose 18*v - 17*v = y. List the prime factors of 5 + -1 + 45 + v.
53
Suppose -3*r - 2*l + 1049 - 206 = 0, 2*r - 2*l = 572. What are the prime factors of r?
283
Let u(w) = -w + 26. Let f(h) = -11*h**2 + 3*h + 2. Let s be f(-1). List the prime factors of u(s).
2, 19
Let w be ((-2748)/18)/((-6)/9). Let o = w + -162. What are the prime factors of o?
67
Suppose 25*s - 2063 = 20512. List the prime factors of s.
3, 7, 43
Suppose 0 = 32*u + 1442 - 32546. List the prime factors of u.
2, 3
Let u(x) = 11*x - 10. Suppose 0 = -5*z + z + 16. Suppose -z*b - 14 = -6*b. List the prime factors of u(b).
67
Suppose -2754 = -4*z + 2*f, 0 = -f + 2*f + 1. What are the prime factors of z?
2, 43
Let k(a) = a**2 - 3*a - 3*a - 3 + 1 + a. List the prime factors of k(-11).
2, 3, 29
Let c(a) = a + 8. Let s(q) = -2*q - 17. Let i(t) = 14*c(t) + 6*s(t). Let w be i(-5). Suppose w = -7*l + 2*l + 360. What are the prime factors of l?
2, 3
Let m(l) = 3*l - 3 - 6*l + 8*l**2 - 3*l - l**3. Let u be m(7). Suppose -4*i - 125 = -s - u*s, 2*s - 2*i - 50 = 0. What are the prime factors of s?
5
Let w(y) = y**2 + 21*y + 3. Let v be w(-21). Suppose -101 = -3*b + v*n + 91, n = -3. What are the prime factors of b?
61
Suppose 0 = -2*o + 3*o - 11. Let c = -9 + o. What are the prime factors of (c + 2)/((-2)/(-4))?
2
Let s = 32 - 56. Let p be (-16)/28 + s/7. List the prime factors of (-82)/(-6) - p/12.
2, 7
Suppose 5*x + 2*l - 5284 = 0, -5*x + 1440 + 3835 = 5*l. What are the prime factors of x?
2, 23
Suppose -269*w - 6345 = -274*w. What are the prime factors of w?
3, 47
Let t = 1753 + -1171. What are the prime factors of t?
2, 3, 97
Suppose -4*x = -3*f + 5127, -5*x + 4313 - 895 = 2*f. What are the prime factors of f?
1709
Let r = -21 + 114. What are the prime factors of r?
3, 31
Let p = 1317 + -695. What are the prime factors of p?
2, 311
Let i be -2 - (-7)/3 - (-10)/(-3). List the prime factors of ((-508)/(-12))/((-1)/i).
127
Suppose 113 = 3*a + 5*v, -3*a - 5*v - 31 = -4*a. Suppose 0 = -37*p + a*p + 137. What are the prime factors of p?
137
Let a = -506 + 1035. Suppose -3*q + 225 = n, 5*q - a = -5*n + 616. List the prime factors of n.
3, 7, 11
Suppose -534 = 6*q - 9*q. Suppose 4*b + q = 6*b. What are the prime factors of b?
89
Suppose 4*q + q = 0. Suppose -3*w + q*w = 5*c - 188, -2*w - 2*c + 124 = 0. List the prime factors of w.
61
Let o = 241 + -132. Let w = 164 - o. Suppose 3*n = w + 29. What are the prime factors of n?
2, 7
Let i be (-2805)/(-12) + (-1)/(-4). Suppose 4*b + 0*b + 294 = 5*h, i = 4*h - 2*b. List the prime factors of h.
2, 29
Let m = 3267 - 1342. List the prime factors of m.
5, 7, 11
Let y(c) = 28*c - 224. What are the prime factors of y(40)?
2, 7
Let g(y) = 5*y**2 + 33*y + 29. What are the prime factors of g(-18)?
5, 211
Suppose -7*b + 2*b - 25 = -5*a, -17 = -5*a - 3*b. Suppose a*c + c = 0. Suppose -l = 6*d - 3*d - 30, c = 4*d - 8. What are the prime factors of l?
2, 3
What are the prime factors of (-2)/7 - (69700/(-28) + 6)?
13, 191
Let v(g) be the second derivative of 1/2*g**3 + g**2 + 1/4*g**4 + 4*g + 0. List the prime factors of v(-4).
2, 19
Suppose 8*o - 44 = -3*o. Suppose 0 = -o*d + s + 4*s + 1224, 0 = 5*d - 2*s - 1530. What are the prime factors of d?
2, 3, 17
Suppose 0 = 3*p + 5*r - 1385, 5*r - 7*r + 2302 = 5*p. List the prime factors of p.
2, 5, 23
Let a = 182 + -47. Suppose -a - 95 = 5*g. List the prime factors of (-2)/7 + g/(-14).
3
Let y = -446 - -1213. What are the prime factors of y?
13, 59
Let x(s) = s**3 + 22*s**2 + 41*s + 28. Let z be x(-20). Let n = z + 73. List the prime factors of n.
3
Suppose 4*m - 678 = 162. List the prime factors of (2 - (m/4 - 0))*-2.
101
Suppose -35*n = -37*n + 2. What are the prime factors of (5/3)/(n/105)?
5, 7
Let n(l) = 2*l**2 + 18*l - 9. Let u be n(-9). Let f(b) = -b**3 - 8*b**2 + b - 6. List the prime factors of f(u).
2, 3, 11
What are the prime factors of -4353*(-5)/35 - (-1)/7?
2, 311
Suppose 17*a + 11598 = 33800. List the prime factors of a.
2, 653
What are the prime factors of (-35)/(-105)*(-942)/(-1)?
2, 157
List the prime factors of ((-1 - -14)*-1)/((-28)/364).
13
Suppose 7*r + 74*r - 9315 = 0. List the prime factors of r.
5, 23
Let k be 4/(-4) - 1 - -112. Suppose -k = -5*s + 20. What are the prime factors of s?
2, 13
Let g(i) = -66*i + 70. What are the prime factors of g(-12)?
2, 431
Let y = -266 + 532. List the prime factors of y.
2, 7, 19
Let u(c) = 50*c**2 + 2*c + 2. Let p be 2/(-4)*(4 - 2). What are the prime factors of u(p)?
2, 5
Let c(b) = b**3 - 13*b**2 + 5*b + 32. Let x = -6 - -19. What are the prime factors of c(x)?
97
Suppose -380 = 3*t - 8*t. List the prime factors of t.
2, 19
Let a = 65 + -24. What are the prime factors of a?
41
Let i(k) = k**3 + 4*k**2 - 2. Let b be i(-6). Let m = b - -161. Suppose -4*f + 7*f = m. What are the prime factors of f?
29
Suppose -5*o + 5*p - p + 1135 = 0, -3*o - p + 69